{"id":2773,"date":"2024-02-29T00:53:26","date_gmt":"2024-02-28T23:53:26","guid":{"rendered":"http:\/\/www.chimicimessina.it\/?page_id=2773"},"modified":"2024-04-17T17:09:24","modified_gmt":"2024-04-17T15:09:24","slug":"societa-tra-professionisti-stp","status":"publish","type":"page","link":"https:\/\/www.chimicimessina.it\/?page_id=2773","title":{"rendered":"Societ\u00e0 Tra Professionisti (STP)"},"content":{"rendered":"\n<p>Nella Gazzetta Ufficiale n. 81 del 6 aprile 2013, \u00e8 stato pubblicato il Decreto 8 febbraio 2013 n. 34 del Ministro della Giustizia contenente il regolamento in materia di societ\u00e0 per l\u2019esercizio di attivit\u00e0 professionali regolamentate nel sistema ordinistico.<\/p>\n\n\n\n<p>Dall\u2019entrata in vigore della suddetta normativa discendono una serie di adempimenti per gli Ordini territoriali, con la presente nota il Consiglio dell&#8217;Ordine intende fornire le prime indicazioni e la relativa modulistica.<\/p>\n\n\n\n<p>La Societ\u00e0 tra Professionisti (STP), scelta fra uno dei modelli previsti dai titoli V e VI de libro V del Codice Civile, ha per oggetto l\u2019esercizio di una o pi\u00f9 attivit\u00e0 professionali regolamentate esclusivamente dal sistema ordinistico.<\/p>\n\n\n\n<p>Ci\u00f2 premesso il legislatore ha disposto che le STP rientrino pertanto a pieno titolo sotto il controllo degli Ordini territoriali, prevedendo una serie di oneri reciproci.<\/p>\n\n\n\n<p>In primo luogo il Consiglio dell\u2019Ordine territoriale dovr\u00e0 provvedere ad istituire, con apposita delibera la sezione speciale dell\u2019Albo alla quale verr\u00e0 iscritta la STP e che dovr\u00e0 contenere i seguenti riferimenti:<\/p>\n\n\n\n<ul><li>ragione o denominazione sociale;<\/li><li> oggetto professionale unico o prevalente;<\/li><li> sede legale;<\/li><li> nominativo del legale rappresentante;<\/li><li> nomi dei soci, nonch\u00e9 degli eventuali iscritti presso Albi o elenchi di altre professioni.                                                                                                           <\/li><\/ul>\n\n\n\n<p>Ulteriore delibera dovr\u00e0 fissare la quota annuale di iscrizione all\u2019Albo delle STP.<\/p>\n\n\n\n<p>La domanda di iscrizione \u00e8 indirizzata al Consiglio dell\u2019Ordine dei Chimici nella cui Circoscrizione in cui \u00e8 posta la Sede legale della STP e deve essere corredata della seguente documentazione:<\/p>\n\n\n\n<p>a)  Atto costitutivo e Statuto della Societ\u00e0 in copia autentica;<\/p>\n\n\n\n<p>b) certificato di iscrizione nella sezione speciale del registro delle imprese;<\/p>\n\n\n\n<p>c) certificato di iscrizione all\u2019Albo, elenco o registro dei soci professionisti che non siano iscritti presso l&#8217;Ordine o il Collegio cui \u00e8 rivolta la domanda.<\/p>\n\n\n\n<p>Per la STP costituita nella forma della societ\u00e0 semplice \u00e8 possibile allegare alla domanda di iscrizione, in luogo del documento indicato alla lettera a), una dichiarazione autenticata del socio professionista cui spetti l&#8217;amministrazione della societ\u00e0.<\/p>\n\n\n\n<p>Il Consiglio dell\u2019Ordine dei Chimici e dei Fisici delibera, entro un termine massimo inderogabile di 60 gg, l&#8217;iscrizione della STP nell&#8217;apposita sezione dell&#8217;Albo speciale dopo aver verificato la conformit\u00e0 alle disposizioni del regolamento, ed in particolare:<\/p>\n\n\n\n<ul><li>se il numero dei soci professionisti e la partecipazione al capitale sociale dei professionisti \u00e8 tale da determinare la maggioranza di due terzi nelle deliberazioni o decisioni dei soci;<\/li><\/ul>\n\n\n\n<ul><li>che i soci non risultino partecipare ad altre societ\u00e0 professionali in qualunque forma e a qualunque titolo, indipendentemente dall\u2019oggetto della stessa STP;<\/li><\/ul>\n\n\n\n<ul><li>che i soci non professionisti siano in possesso dei requisiti di onorabilit\u00e0 previsti per l&#8217;iscrizione all&#8217;Albo professionale; non abbiano riportato condanne definitive per una pena pari o superiore a due anni di reclusione per la commissione di un reato non colposo e salvo che non sia intervenuta riabilitazione; non siano stati cancellati da un Albo professionale per motivi disciplinari; non risultino applicate nei loro confronti, anche in primo grado, misure di prevenzione personali o reali;<\/li><\/ul>\n\n\n\n<ul><li>che il legale rappresentante e gli amministratori della societ\u00e0, che rivestono la qualit\u00e0 di socio per finalit\u00e0 d&#8217;investimento non rientrino nei casi di incompatibilit\u00e0 previsti nel punto precedente.<\/li><\/ul>\n\n\n\n<p>Il mancato rilievo o la mancata rimozione di una situazione di incompatibilit\u00e0 integrano illecito disciplinare per la societ\u00e0 tra professionisti e per il singolo professionista.<\/p>\n\n\n\n<p>Per quanto concerne le societ\u00e0 multidisciplinari, le stesse sono iscritte presso il registro dell&#8217;ordine relativo all&#8217;attivit\u00e0 individuata come prevalente nello statuto o nell&#8217;atto costitutivo. In assenza di specifica indicazione circa l&#8217;attivit\u00e0 prevalente, andranno iscritte in ogni ordine o collegio corrispondente alle varie attivit\u00e0 professionali esercitate.<\/p>\n\n\n\n<p>Il Consiglio dell&#8217;Ordine competente comunica tempestivamente al legale rappresentante della societ\u00e0 professionale i motivi che ostano all&#8217;accoglimento della domanda. Entro il termine di dieci giorni dal ricevimento della comunicazione, la societ\u00e0 istante ha diritto di presentare per iscritto le sue osservazioni, eventualmente corredate da documenti.<\/p>\n\n\n\n<p>Il provvedimento motivato di diniego viene notificato al legale rappresentante della societ\u00e0, che lo pu\u00f2 impugnare secondo le disposizioni previste per tali gravami.<\/p>\n\n\n\n<p>Il Consiglio dell&#8217;Ordine presso cui \u00e8 iscritta la societ\u00e0 procede, attivando preventivamente il contraddittorio, alla cancellazione della stessa dall&#8217;Albo qualora, venuto meno uno dei requisiti previsti dalla legge o dal regolamento, la societ\u00e0 non abbia provveduto alla regolarizzazione nel termine perentorio di tre mesi, decorrente dal momento in cui si \u00e8 verificata la situazione di irregolarit\u00e0. Nell\u2019 ipotesi di perdita del requisito della maggioranza dei 2\/3 a favore dei soci professionisti, la societ\u00e0 ha sei mesi di tempo per ripristinare detta prevalenza, pena la cancellazione dall&#8217;Albo.<\/p>\n\n\n\n<p>La STP dovr\u00e0 altres\u00ec essere cancellata dall\u2019Albo in caso di cancellazione del registro imprese o alla scadenza del termine fissato dall\u2019atto costitutivo. Sia il socio professionista, che la STP, sono soggetti alle norme deontologiche e disciplinari dell&#8217;Ordine al quale risultino iscritti.<\/p>\n\n\n\n<p><a href=\"https:\/\/www.chimicimessina.it\/?page_id=334\" target=\"_blank\" rel=\"noreferrer noopener\">MODULISTICA PER L&#8217;ISCRIZIONE ALL&#8217;ALBO DELL&#8217;ORDINE<\/a><\/p>\n","protected":false},"excerpt":{"rendered":"<p>Nella Gazzetta Ufficiale n. 81 del 6 aprile 2013, \u00e8 stato pubblicato il Decreto 8 febbraio 2013 n.<\/p>\n","protected":false},"author":2,"featured_media":3577,"parent":2,"menu_order":0,"comment_status":"closed","ping_status":"closed","template":"","meta":[],"tags":[879,529,878],"yoast_head":"<!-- This site is optimized with the Yoast SEO plugin v16.6 - https:\/\/yoast.com\/wordpress\/plugins\/seo\/ -->\r\n<title>Societ\u00e0 Tra Professionisti (STP) - Ordine dei chimici e fisici della Provincia di Messina<\/title>\r\n<meta name=\"robots\" content=\"index, follow, max-snippet:-1, max-image-preview:large, max-video-preview:-1\" \/>\r\n<link rel=\"canonical\" href=\"https:\/\/www.chimicimessina.it\/?page_id=2773\" \/>\r\n<meta property=\"og:locale\" content=\"it_IT\" \/>\r\n<meta property=\"og:type\" content=\"article\" \/>\r\n<meta property=\"og:title\" content=\"Societ\u00e0 Tra Professionisti (STP) - Ordine dei chimici e fisici della Provincia di Messina\" \/>\r\n<meta property=\"og:description\" content=\"Nella Gazzetta Ufficiale n. 81 del 6 aprile 2013, \u00e8 stato pubblicato il Decreto 8 febbraio 2013 n.\" \/>\r\n<meta property=\"og:url\" content=\"https:\/\/www.chimicimessina.it\/?page_id=2773\" \/>\r\n<meta property=\"og:site_name\" content=\"Ordine dei chimici e fisici della Provincia di Messina\" \/>\r\n<meta property=\"article:modified_time\" content=\"2024-04-17T15:09:24+00:00\" \/>\r\n<meta property=\"og:image\" content=\"https:\/\/www.chimicimessina.it\/wp-content\/uploads\/2022\/09\/ordine-chimici-e-fisici_-edited-converted.png\" \/>\r\n\t<meta property=\"og:image:width\" content=\"798\" \/>\r\n\t<meta property=\"og:image:height\" content=\"798\" \/>\r\n<meta name=\"twitter:card\" content=\"summary\" \/>\r\n<meta name=\"twitter:label1\" content=\"Tempo di lettura stimato\" \/>\n\t<meta name=\"twitter:data1\" content=\"4 minuti\" \/>\r\n<script type=\"application\/ld+json\" class=\"yoast-schema-graph\">{\"@context\":\"https:\/\/schema.org\",\"@graph\":[{\"@type\":\"WebSite\",\"@id\":\"https:\/\/www.chimicimessina.it\/#website\",\"url\":\"https:\/\/www.chimicimessina.it\/\",\"name\":\"Ordine dei chimici e fisici della Provincia di Messina\",\"description\":\"\",\"potentialAction\":[{\"@type\":\"SearchAction\",\"target\":{\"@type\":\"EntryPoint\",\"urlTemplate\":\"https:\/\/www.chimicimessina.it\/?s={search_term_string}\"},\"query-input\":\"required name=search_term_string\"}],\"inLanguage\":\"it-IT\"},{\"@type\":\"ImageObject\",\"@id\":\"https:\/\/www.chimicimessina.it\/?page_id=2773#primaryimage\",\"inLanguage\":\"it-IT\",\"url\":\"https:\/\/www.chimicimessina.it\/wp-content\/uploads\/2022\/09\/ordine-chimici-e-fisici_-edited-converted.png\",\"contentUrl\":\"https:\/\/www.chimicimessina.it\/wp-content\/uploads\/2022\/09\/ordine-chimici-e-fisici_-edited-converted.png\",\"width\":798,\"height\":798},{\"@type\":\"WebPage\",\"@id\":\"https:\/\/www.chimicimessina.it\/?page_id=2773#webpage\",\"url\":\"https:\/\/www.chimicimessina.it\/?page_id=2773\",\"name\":\"Societ\\u00e0 Tra Professionisti (STP) - Ordine dei chimici e fisici della Provincia di Messina\",\"isPartOf\":{\"@id\":\"https:\/\/www.chimicimessina.it\/#website\"},\"primaryImageOfPage\":{\"@id\":\"https:\/\/www.chimicimessina.it\/?page_id=2773#primaryimage\"},\"datePublished\":\"2024-02-28T23:53:26+00:00\",\"dateModified\":\"2024-04-17T15:09:24+00:00\",\"breadcrumb\":{\"@id\":\"https:\/\/www.chimicimessina.it\/?page_id=2773#breadcrumb\"},\"inLanguage\":\"it-IT\",\"potentialAction\":[{\"@type\":\"ReadAction\",\"target\":[\"https:\/\/www.chimicimessina.it\/?page_id=2773\"]}]},{\"@type\":\"BreadcrumbList\",\"@id\":\"https:\/\/www.chimicimessina.it\/?page_id=2773#breadcrumb\",\"itemListElement\":[{\"@type\":\"ListItem\",\"position\":1,\"name\":\"Home\",\"item\":\"https:\/\/www.chimicimessina.it\/\"},{\"@type\":\"ListItem\",\"position\":2,\"name\":\"Home\",\"item\":\"https:\/\/www.chimicimessina.it\/?page_id=2\"},{\"@type\":\"ListItem\",\"position\":3,\"name\":\"Societ\\u00e0 Tra Professionisti (STP)\"}]}]}<\/script>\r\n<!-- \/ Yoast SEO plugin. -->","_links":{"self":[{"href":"https:\/\/www.chimicimessina.it\/index.php?rest_route=\/wp\/v2\/pages\/2773"}],"collection":[{"href":"https:\/\/www.chimicimessina.it\/index.php?rest_route=\/wp\/v2\/pages"}],"about":[{"href":"https:\/\/www.chimicimessina.it\/index.php?rest_route=\/wp\/v2\/types\/page"}],"author":[{"embeddable":true,"href":"https:\/\/www.chimicimessina.it\/index.php?rest_route=\/wp\/v2\/users\/2"}],"replies":[{"embeddable":true,"href":"https:\/\/www.chimicimessina.it\/index.php?rest_route=%2Fwp%2Fv2%2Fcomments&post=2773"}],"version-history":[{"count":3,"href":"https:\/\/www.chimicimessina.it\/index.php?rest_route=\/wp\/v2\/pages\/2773\/revisions"}],"predecessor-version":[{"id":3839,"href":"https:\/\/www.chimicimessina.it\/index.php?rest_route=\/wp\/v2\/pages\/2773\/revisions\/3839"}],"up":[{"embeddable":true,"href":"https:\/\/www.chimicimessina.it\/index.php?rest_route=\/wp\/v2\/pages\/2"}],"wp:featuredmedia":[{"embeddable":true,"href":"https:\/\/www.chimicimessina.it\/index.php?rest_route=\/wp\/v2\/media\/3577"}],"wp:attachment":[{"href":"https:\/\/www.chimicimessina.it\/index.php?rest_route=%2Fwp%2Fv2%2Fmedia&parent=2773"}],"wp:term":[{"taxonomy":"post_tag","embeddable":true,"href":"https:\/\/www.chimicimessina.it\/index.php?rest_route=%2Fwp%2Fv2%2Ftags&post=2773"}],"curies":[{"name":"wp","href":"https:\/\/api.w.org\/{rel}","templated":true}]}}

Società Tra Professionisti (STP)

<p>Nella Gazzetta Ufficiale n. 81 del 6 aprile 2013, è stato pubblicato il Decreto 8 febbraio 2013 n. 34 del Ministro della Giustizia contenente il regolamento in materia di società per l’esercizio di attività professionali regolamentate nel sistema ordinistico.</p>



<p>Dall’entrata in vigore della suddetta normativa discendono una serie di adempimenti per gli Ordini territoriali, con la presente nota il Consiglio dell&#8217;Ordine intende fornire le prime indicazioni e la relativa modulistica.</p>



<p>La Società tra Professionisti (STP), scelta fra uno dei modelli previsti dai titoli V e VI de libro V del Codice Civile, ha per oggetto l’esercizio di una o più attività professionali regolamentate esclusivamente dal sistema ordinistico.</p>



<p>Ciò premesso il legislatore ha disposto che le STP rientrino pertanto a pieno titolo sotto il controllo degli Ordini territoriali, prevedendo una serie di oneri reciproci.</p>



<p>In primo luogo il Consiglio dell’Ordine territoriale dovrà provvedere ad istituire, con apposita delibera la sezione speciale dell’Albo alla quale verrà iscritta la STP e che dovrà contenere i seguenti riferimenti:</p>



<ul><li>ragione o denominazione sociale;</li><li> oggetto professionale unico o prevalente;</li><li> sede legale;</li><li> nominativo del legale rappresentante;</li><li> nomi dei soci, nonché degli eventuali iscritti presso Albi o elenchi di altre professioni.                                                                                                           </li></ul>



<p>Ulteriore delibera dovrà fissare la quota annuale di iscrizione all’Albo delle STP.</p>



<p>La domanda di iscrizione è indirizzata al Consiglio dell’Ordine dei Chimici nella cui Circoscrizione in cui è posta la Sede legale della STP e deve essere corredata della seguente documentazione:</p>



<p>a)  Atto costitutivo e Statuto della Società in copia autentica;</p>



<p>b) certificato di iscrizione nella sezione speciale del registro delle imprese;</p>



<p>c) certificato di iscrizione all’Albo, elenco o registro dei soci professionisti che non siano iscritti presso l&#8217;Ordine o il Collegio cui è rivolta la domanda.</p>



<p>Per la STP costituita nella forma della società semplice è possibile allegare alla domanda di iscrizione, in luogo del documento indicato alla lettera a), una dichiarazione autenticata del socio professionista cui spetti l&#8217;amministrazione della società.</p>



<p>Il Consiglio dell’Ordine dei Chimici e dei Fisici delibera, entro un termine massimo inderogabile di 60 gg, l&#8217;iscrizione della STP nell&#8217;apposita sezione dell&#8217;Albo speciale dopo aver verificato la conformità alle disposizioni del regolamento, ed in particolare:</p>



<ul><li>se il numero dei soci professionisti e la partecipazione al capitale sociale dei professionisti è tale da determinare la maggioranza di due terzi nelle deliberazioni o decisioni dei soci;</li></ul>



<ul><li>che i soci non risultino partecipare ad altre società professionali in qualunque forma e a qualunque titolo, indipendentemente dall’oggetto della stessa STP;</li></ul>



<ul><li>che i soci non professionisti siano in possesso dei requisiti di onorabilità previsti per l&#8217;iscrizione all&#8217;Albo professionale; non abbiano riportato condanne definitive per una pena pari o superiore a due anni di reclusione per la commissione di un reato non colposo e salvo che non sia intervenuta riabilitazione; non siano stati cancellati da un Albo professionale per motivi disciplinari; non risultino applicate nei loro confronti, anche in primo grado, misure di prevenzione personali o reali;</li></ul>



<ul><li>che il legale rappresentante e gli amministratori della società, che rivestono la qualità di socio per finalità d&#8217;investimento non rientrino nei casi di incompatibilità previsti nel punto precedente.</li></ul>



<p>Il mancato rilievo o la mancata rimozione di una situazione di incompatibilità integrano illecito disciplinare per la società tra professionisti e per il singolo professionista.</p>



<p>Per quanto concerne le società multidisciplinari, le stesse sono iscritte presso il registro dell&#8217;ordine relativo all&#8217;attività individuata come prevalente nello statuto o nell&#8217;atto costitutivo. In assenza di specifica indicazione circa l&#8217;attività prevalente, andranno iscritte in ogni ordine o collegio corrispondente alle varie attività professionali esercitate.</p>



<p>Il Consiglio dell&#8217;Ordine competente comunica tempestivamente al legale rappresentante della società professionale i motivi che ostano all&#8217;accoglimento della domanda. Entro il termine di dieci giorni dal ricevimento della comunicazione, la società istante ha diritto di presentare per iscritto le sue osservazioni, eventualmente corredate da documenti.</p>



<p>Il provvedimento motivato di diniego viene notificato al legale rappresentante della società, che lo può impugnare secondo le disposizioni previste per tali gravami.</p>



<p>Il Consiglio dell&#8217;Ordine presso cui è iscritta la società procede, attivando preventivamente il contraddittorio, alla cancellazione della stessa dall&#8217;Albo qualora, venuto meno uno dei requisiti previsti dalla legge o dal regolamento, la società non abbia provveduto alla regolarizzazione nel termine perentorio di tre mesi, decorrente dal momento in cui si è verificata la situazione di irregolarità. Nell’ ipotesi di perdita del requisito della maggioranza dei 2/3 a favore dei soci professionisti, la società ha sei mesi di tempo per ripristinare detta prevalenza, pena la cancellazione dall&#8217;Albo.</p>



<p>La STP dovrà altresì essere cancellata dall’Albo in caso di cancellazione del registro imprese o alla scadenza del termine fissato dall’atto costitutivo. Sia il socio professionista, che la STP, sono soggetti alle norme deontologiche e disciplinari dell&#8217;Ordine al quale risultino iscritti.</p>



<p><a href="https://www.chimicimessina.it/?page_id=334" target="_blank" rel="noreferrer noopener">MODULISTICA PER L&#8217;ISCRIZIONE ALL&#8217;ALBO DELL&#8217;ORDINE</a></p>

<p>Nella Gazzetta Ufficiale n. 81 del 6 aprile 2013, è stato pubblicato il Decreto 8 febbraio 2013 n.</p>

<!-- This site is optimized with the Yoast SEO plugin v16.6 - https://yoast.com/wordpress/plugins/seo/ -->
<title>Società Tra Professionisti (STP) - Ordine dei chimici e fisici della Provincia di Messina</title>
<meta name="robots" content="index, follow, max-snippet:-1, max-image-preview:large, max-video-preview:-1" />
<link rel="canonical" href="https://www.chimicimessina.it/?page_id=2773" />
<meta property="og:locale" content="it_IT" />
<meta property="og:type" content="article" />
<meta property="og:title" content="Società Tra Professionisti (STP) - Ordine dei chimici e fisici della Provincia di Messina" />
<meta property="og:description" content="Nella Gazzetta Ufficiale n. 81 del 6 aprile 2013, è stato pubblicato il Decreto 8 febbraio 2013 n." />
<meta property="og:url" content="https://www.chimicimessina.it/?page_id=2773" />
<meta property="og:site_name" content="Ordine dei chimici e fisici della Provincia di Messina" />
<meta property="article:modified_time" content="2024-04-17T15:09:24+00:00" />
<meta property="og:image" content="https://www.chimicimessina.it/wp-content/uploads/2022/09/ordine-chimici-e-fisici_-edited-converted.png" />
	<meta property="og:image:width" content="798" />
	<meta property="og:image:height" content="798" />
<meta name="twitter:card" content="summary" />
<meta name="twitter:label1" content="Tempo di lettura stimato" />
	<meta name="twitter:data1" content="4 minuti" />
<script type="application/ld+json" class="yoast-schema-graph">{"@context":"https://schema.org","@graph":[{"@type":"WebSite","@id":"https://www.chimicimessina.it/#website","url":"https://www.chimicimessina.it/","name":"Ordine dei chimici e fisici della Provincia di Messina","description":"","potentialAction":[{"@type":"SearchAction","target":{"@type":"EntryPoint","urlTemplate":"https://www.chimicimessina.it/?s={search_term_string}"},"query-input":"required name=search_term_string"}],"inLanguage":"it-IT"},{"@type":"ImageObject","@id":"https://www.chimicimessina.it/?page_id=2773#primaryimage","inLanguage":"it-IT","url":"https://www.chimicimessina.it/wp-content/uploads/2022/09/ordine-chimici-e-fisici_-edited-converted.png","contentUrl":"https://www.chimicimessina.it/wp-content/uploads/2022/09/ordine-chimici-e-fisici_-edited-converted.png","width":798,"height":798},{"@type":"WebPage","@id":"https://www.chimicimessina.it/?page_id=2773#webpage","url":"https://www.chimicimessina.it/?page_id=2773","name":"Societ\u00e0 Tra Professionisti (STP) - Ordine dei chimici e fisici della Provincia di Messina","isPartOf":{"@id":"https://www.chimicimessina.it/#website"},"primaryImageOfPage":{"@id":"https://www.chimicimessina.it/?page_id=2773#primaryimage"},"datePublished":"2024-02-28T23:53:26+00:00","dateModified":"2024-04-17T15:09:24+00:00","breadcrumb":{"@id":"https://www.chimicimessina.it/?page_id=2773#breadcrumb"},"inLanguage":"it-IT","potentialAction":[{"@type":"ReadAction","target":["https://www.chimicimessina.it/?page_id=2773"]}]},{"@type":"BreadcrumbList","@id":"https://www.chimicimessina.it/?page_id=2773#breadcrumb","itemListElement":[{"@type":"ListItem","position":1,"name":"Home","item":"https://www.chimicimessina.it/"},{"@type":"ListItem","position":2,"name":"Home","item":"https://www.chimicimessina.it/?page_id=2"},{"@type":"ListItem","position":3,"name":"Societ\u00e0 Tra Professionisti (STP)"}]}]}</script>
<!-- / Yoast SEO plugin. -->
